{"id":738,"date":"2016-01-22T14:18:52","date_gmt":"2016-01-22T13:18:52","guid":{"rendered":"http:\/\/test.omoslj.it\/?page_id=738"},"modified":"2016-01-22T14:27:34","modified_gmt":"2016-01-22T13:27:34","slug":"riunificazione-omoslj","status":"publish","type":"page","link":"http:\/\/www.omoslj.it\/index.php\/news\/riunificazione-omoslj\/","title":{"rendered":"Riunificazione Omoslj"},"content":{"rendered":"<h3 align=\"center\"><span style=\"color: #008000;\">Riunificazione OSLJ Francese con OSLJ Spagnolo<\/span><\/h3>\n<h3 align=\"center\"><a href=\"http:\/\/test.omoslj.it\/index.php\/news\/riunificazione-omoslj\/riunificazione-01\/#main\" rel=\"attachment wp-att-739\"><img loading=\"lazy\" decoding=\"async\" class=\"size-full wp-image-739 alignnone\" src=\"http:\/\/test.omoslj.it\/wp-content\/uploads\/2016\/01\/riunificazione-01.jpg\" alt=\"riunificazione-01\" width=\"560\" height=\"773\" \/><\/a> <a href=\"http:\/\/test.omoslj.it\/index.php\/news\/riunificazione-omoslj\/riunificazione-02\/#main\" rel=\"attachment wp-att-740\"><img loading=\"lazy\" decoding=\"async\" class=\"size-medium wp-image-740 aligncenter\" src=\"http:\/\/test.omoslj.it\/wp-content\/uploads\/2016\/01\/riunificazione-02.jpg\" alt=\"riunificazione-02\" width=\"572\" height=\"779\" \/><\/a><\/h3>\n<h3 align=\"center\"><span style=\"color: #008000;\">ACCORDO DI RIUNIFICAZIONE<\/span><\/h3>\n<p align=\"center\"><span style=\"color: #008000;\">\u2013 TRADUZIONE \u2013<\/span><\/p>\n<p style=\"text-align: justify;\" align=\"justify\">Per pi\u00f9 di trent\u2019anni l\u2019Ordine Militare e Ospitaliero di San Lazzaro di Gerusalemme \u00e8 stato diviso in Obbedienza di Parigi e Obbedienza di Malta, ciascuna delle quali amministrata e operante separatamente una dall\u2019altra, ma condividenti una comune storia, eredit\u00e0, tradizione e missione.\u00a0E\u2019 manifesto che, nel migliore interesse dell\u2019Ordine, le due Obbedienze si sono riconciliate e riunite, in conformit\u00e0 con i loro impegni congiunti di \u201cunit\u00e0 cristiana\u201d e nella continuazione della loro missione per sostenere e difendere la \u201cfede cristiana\u201d, per assistere, soccorrere e aiutare i poveri, i malati e gli afflitti; per promuovere e conservare i principi di \u201ccavalleria cristiana\u201d e perseguire gli \u201cinsegnamenti di Cristo\u201d.\u00a0Entrambe le Obbedienze hanno convenuto sulla necessit\u00e0 di riconciliarsi e di riunirsi.\u00a0Perci\u00f2, considerate queste premesse, ciascuna delle due Obbedienze, agendo per mezzo e attraverso i propri rappresentanti debitamente autorizzati, stipulano qui un patto e si accordano che a partire dalla data qui indicata le due Obbedienze sono effettivamente riunite e fuse insieme, formando un solo ente che, da qui in avanti, dovr\u00e0 essere chiamato \u201cOrdine Militare e Ospitaliero di San Lazzaro di Gerusalemme\u201d.\u00a0Si \u00e8 inoltre convenuto che la Costituzione, precedentemente raccomandata dalla Commissione Congiunta per la Riunificazione e debitamente approvata da ciascuna delle due Obbedienze, sar\u00e0 ed \u00e9 la Costituzione dell\u2019Ordine (la Costituzione).\u00a0Si \u00e8 ulteriormente convenuto che le leggi secondarie precedentemente approvate dai Membri della Commissione congiunta per la Riunificazione e qui unite, saranno e sono le leggi secondarie dell\u2019Ordine. Tali leggi saranno tuttavia soggette ad emendamento, in accordo con la Costituzione, cos\u00ec come ritenuto necessario ed auspicabile poich\u00e9 la riunificazione dell\u2019Ordine si \u00e8 perfezionata e le due Obbedienze si sono integrate.\u00a0Si \u00e8 convenuto che Sua Altezza Reale Don Francisco di Borbone, Duca di Siviglia, dopo essere stato debitamente indicato e nominato, avendo svolto precedentemente e con onore il ruolo di Gran Maestro dell\u2019Obbedienza di Malta, sar\u00e0 ed \u00e8 il Gran Maestro ed il Capo Costituzionale dell\u2019Ordine Riunificato, sottoposto alle disposizioni della Costituzione e agli impegni assunti e pubblicati dalla Commissione congiunta per la Riunificazione.\u00a0Si \u00e8 convenuto che, fino al momento in cui venga stabilito diversamente stabilito dal Gran Maestro, gli Ufficiali delle giurisdizioni nazionali dell\u2019Ordine precedentemente nominati dai loro rispettivi Gran Maestri, continueranno nella carica con le loro responsabilit\u00e0 e autorit\u00e0 finch\u00e9 esse non saranno in conflitto con la Costituzione dell\u2019Ordine.\u00a0Si \u00e8 convenuto che, finch\u00e9 non saranno rimossi o rinominati, i Gran Maestri Ufficiali delle due Obbedienze, continueranno a svolgere le rispettive funzioni con le medesime responsabilit\u00e0 e autorit\u00e0 precedenti finch\u00e9 non saranno in conflitto con la Costituzione dell\u2019ordine.\u00a0Si \u00e8 anche convenuto che tutti gli accordi, le convenzioni, e gli impegni precedentemente presi e\/o stipulati da e tra le due Obbedienze o fatti in loro nome dai rappresentanti autorizzati nella Commissione Congiunta per la Riunificazione, saranno onorati e attuati.<\/p>\n<p style=\"text-align: justify;\" align=\"justify\"><strong><em>Sottoscritto il 12 ottobre 2006 a Houston, Stato del Texas, Stati Uniti d\u2019America<\/em><\/strong><\/p>\n<p align=\"center\"><a href=\"http:\/\/test.omoslj.it\/index.php\/news\/riunificazione-omoslj\/riunificazione-03\/#main\" rel=\"attachment wp-att-743\"><img loading=\"lazy\" decoding=\"async\" class=\"size-full wp-image-743 aligncenter\" src=\"http:\/\/test.omoslj.it\/wp-content\/uploads\/2016\/01\/riunificazione-03.jpg\" alt=\"riunificazione-03\" width=\"514\" height=\"711\" \/><\/a><\/p>\n<p align=\"center\"><a href=\"http:\/\/test.omoslj.it\/index.php\/news\/riunificazione-omoslj\/riunificazione-04\/#main\" rel=\"attachment wp-att-741\"><img loading=\"lazy\" decoding=\"async\" class=\" wp-image-741 aligncenter\" src=\"http:\/\/test.omoslj.it\/wp-content\/uploads\/2016\/01\/riunificazione-04.jpg\" alt=\"riunificazione-04\" width=\"513\" height=\"708\" \/><\/a><\/p>\n<h1 align=\"center\"><span style=\"color: #008000;\">CONSIGLIO GRAN MAGISTRALE<\/span><\/h1>\n<p>Lettera Gran Commander David J. James (traduzione)<\/p>\n<p align=\"justify\">Vostre Eccellenze, Confratelli e Consorelle.\u00a0Il Gran Maestro, Sua Altezza Reale il Duca di Siviglia, invita tutti noi ad impegnarci nella missione cristiana del nostro Ordine per offrire sostegno caritatevole a tutti coloro che ne hanno bisogno ovunque nel mondo.\u00a0Il Gran Maestro ha inoltre chiesto al Gran Priore dell\u2019Ordine H.E. il Cavaliere Bruce Harrington e al sottoscritto di mettere in atto tutte le misure necessarie affinch\u00e9 il suo progetto diventi realt\u00e0.\u00a0Dopo un confronto con il Gran Maestro, Bruce ed io abbiamo deciso, come primo passo, che la cosa migliore fosse chiedere il parere del Gran Priore Ecclesiastico H.E. il Reverendo Canon Paul Denby e del Grande Ospitaliere H.E. RADM il Cavaliere Kenneth Moritsugu. Le loro risposte, qui presentate integralmente in modo da evidenziare coesione di intenti, stanno a significare quanto i principi ispiratori e il carattere della Fede Cristiana e la missione ospitaliera siano strettamente interconnessi.\u00a0\u201cNoi scriviamo in questo periodo di grande gioia, nel momento in cui, come Cristiani, celebriamo di nuovo la nascita del nostro Redentore, il Bambino che, come sappiamo, venne per cambiare il mondo e per promuovere una comunit\u00e0 di amore nella quale ognuno vive nel rispetto dell\u2019altro.\u00a0<img loading=\"lazy\" decoding=\"async\" src=\"http:\/\/www.omoslj.it\/images\/riunificazione-05.jpg\" alt=\"\" width=\"125\" height=\"194\" align=\"right\" border=\"0\" hspace=\"5\" vspace=\"5\" \/>Viviamo in un mondo in cui simili valori appaiono un po\u2019 lontani, abbiamo notizie di guerre e ai continui atti terroristici che ci rammaricano e ci spaventano.\u00a0Tuttavia noi siamo, come Ordine, votati a portare salute e pace a un mondo confuso e fuori di s\u00e9.Questo \u00e8 il nostro dovere.\u00a0Con la celebrazione della nascita di Ges\u00f9 Bambino, con il messaggio angelico di Pace sulla Terra agli uomini di buona volont\u00e0 e con l\u2019alba del nuovo anno, \u00e8 opportuno, come Ordine unito e riunito, riaffermare i principi basilari della nostra eredit\u00e0 cavalleresca.\u00a0Questo \u00e8 stato un anno di significativo cambiamento nella vita del nostro Ordine che ci ha permesso di gettare alle spalle idee di divisione e di egoismo e di incamminarci verso un futuro pieno di speranza come un unico Ordine unito; questo \u00e8 il vero motivo per festeggiare.\u00a0Come Membri dell\u2019Ordine Militare Ospitaliero di San Lazzaro di Gerusalemme, noi ci votiamo a due temi collegati e interdipendenti: religioso e secolare; ecumenico e caritatevole. Come brave persone che ben agiscono, noi abbracciamo la nostra eredit\u00e0 ecumenica e cristiana e cerchiamo ogni modo per servire Cristo e il nostro prossimo nel mondo d\u2019oggi. Il bisogno \u00e8 sempre grande!\u00a0Noi siamo un unico Ordine, motivo di gioia in questo speciale periodo dell\u2019anno, una nuova opportunit\u00e0 per ricominciare, come Cristo avrebbe desiderato, come un unico Ordine votato a servirlo.<\/p>\n<h3 align=\"center\"><\/h3>\n<p style=\"text-align: justify;\" align=\"justify\"><a href=\"http:\/\/test.omoslj.it\/index.php\/news\/riunificazione-omoslj\/riunificazione-06\/#main\" rel=\"attachment wp-att-742\"><img loading=\"lazy\" decoding=\"async\" class=\"size-full wp-image-742 aligncenter\" src=\"http:\/\/test.omoslj.it\/wp-content\/uploads\/2016\/01\/riunificazione-06.jpg\" alt=\"riunificazione-06\" width=\"600\" height=\"324\" \/><\/a><\/p>\n<p style=\"text-align: justify;\" align=\"justify\">\n<p align=\"justify\">Ci sono ancora quelli che avrebbero voluto che la riunificazione non fosse mai avvenuta e ci\u00f2 \u00e8 triste ma, come nostro Signore, dobbiamo pregare perch\u00e9 anche loro possano entrare nell\u2019ovile.<br \/>\nGes\u00f9 una volta parl\u00f2 di pecorelle che si erano smarrite e ci raccomand\u00f2 il dovere e l\u2019importanza di fare ogni serio sforzo per ritrovarle.\u00a0Questo, crediamo, sia fondamentalmente quello che ci aspetta in seno all\u2019Ordine di San Lazzaro e dobbiamo fare tutto il possibile per dare il benvenuto a tutti coloro che desiderano servire con noi.\u00a0Con il nostro Ordine riunito, noi fronteggiamo nuove opportunit\u00e0 di servire, rinforzati dall\u2019aggregazione dei nostri adepti; senza distrazioni di tipo organizzativo che hanno afflitto ciascuna delle nostre Obediences negli anni passati. A tal fine il Grande Ospitaliere del nostro Ordine sta incoraggiando tutti i membri a concentrarsi su quelle azioni che possiamo intraprendere come Giurisdizioni e come unico Ordine, operando di comune accordo nel migliorare gli aiuti nei confronti di coloro che sono meno fortunati.<\/p>\n<div align=\"justify\">\n<div align=\"justify\"><img loading=\"lazy\" decoding=\"async\" src=\"http:\/\/www.omoslj.it\/images\/riunificazione-07.jpg\" alt=\"\" width=\"175\" height=\"172\" align=\"left\" border=\"0\" hspace=\"5\" vspace=\"5\" \/>Abbiamo ottenuto rilevanti successi mentre eravamo Obediences separate \u2013 le nostre differenze si minimizzano quando si hanno comuni buoni intenti. Quando il tragico tsunami colp\u00ec l\u2019Asia l\u2019anno scorso i nostri membri, sia di Parigi che di Malta, si riunirono in uno spirito di cristianit\u00e0 internazionale per soccorrere le vittime e a nostro modo abbiamo operato per migliorare la vita dei disastrati.<\/div>\n<p>Le singole Giurisdizioni hanno tradizionalmente individuato cause da sostenere con fondi e con lavoro.\u00a0In aggiunta per il futuro gli Ospitalieri giurisdizionali del nostro Ordine riunito, sotto l\u2019egida della Commissione Ospitaliera internazionale stabilita dalla nostra nuova Costituzione, lavoreranno insieme per individuare insieme programmi e temi pi\u00f9 globali che tutti noi abbracceremo e porteremo avanti.\u00a0Esempi di questi temi comuni potrebbero includere, tra gli altri, la cura della lebbra, la donazione e il trapianto di tessuti e organi e il conforto in caso di calamit\u00e0. San Paolo scrivendo alla Chiesa degli Efesini dice: \u201cVi scongiuro a tenere una condotta degna della vocazione a cui siete stati chiamati, con ogni umilt\u00e0, dolcezza e pazienza, sopportandovi gli uni gli altri con amore, cercando di conservare l\u2019unit\u00e0 di spirito nel vincolo della pace. Non c\u2019\u00e8 che un solo corpo e un solo Spirito, come per mezzo della vostra vocazione, siete stati chiamati ad una sola speranza. Non c\u2019\u00e8 che un solo Signore, una sola Fede, un solo Battesimo. Non esiste che un solo Dio e Padre di tutti, il quale \u00e8 al di sopra di tutti, opera in tutti ed \u00e8 in tutti.\u201d (Efesini Cap IV -1,6).<br \/>\nQuando Ges\u00f9 venne al mondo non venne come guerriero o alla testo di un esercito, ma come un bimbo, puro, vulnerabile e bisognoso dell\u2019amore della sua famiglia per sopravvivere.<\/p><\/div>\n<div align=\"justify\">\n<div align=\"justify\">Cos\u00ec si sentono quelli che sono fuori e noi preghiamo affinch\u00e9 la grande famiglia dell\u2019Ordine li circondi di amore e dia loro il benvenuto nella nostra casa.\u00a0<img loading=\"lazy\" decoding=\"async\" src=\"http:\/\/www.omoslj.it\/images\/riunificazione-08.jpg\" alt=\"\" width=\"150\" height=\"237\" align=\"right\" border=\"0\" hspace=\"5\" vspace=\"5\" \/>In questo tempo di pace, mentre entriamo nel nuovo anno, dedichiamoci ad accogliere lo spirito del Cristianesimo nei nostri cuori e conferire dignit\u00e0 all\u2019esistenza di coloro che noi aiutiamo con le nostre opere. San Paolo scrive di un\u2019unica fede manifestata nella vocazione che raggiunge ciascuno di noi attraverso il Battesimo, una vocazione a diventare servi di Cristo nei confronti del suo popolo. Poich\u00e9 noi ricordiamo la venuta del Salvatore in questo periodo natalizio, impariamo dalle esperienze e dalle lezioni del passato e guardiamo avanti con rinnovata speranza come un Ordine di fede, una fede al servizio di un solo Signore. Possa la benedizione di Dio scendere sul nostro Gran Maestro e la sua famiglia e su ciascuno di voi e possa continuare a benedirci nell\u2019adempimento del nostro lavoro fatto nel suo nome e a sua gloria.\u201d In conclusione noi vorremmo confermare che sia Paul che Ken hanno gi\u00e0 scritto alla maggior parte dei Capi Giurisdizione. A coloro che non hanno ricevuto il loro messaggio noi consigliamo di contattarli direttamente.<\/div>\n<p>Queste sono le loro coordinate:<br \/>\nPaul:\u00a0<a href=\"mailto:paul@denby94.wanadoo.co.uk\">paul@denby94.wanadoo.co.uk<\/a>.<br \/>\nKen:\u00a0<a href=\"mailto:Isamurai@cox.net\">Isamurai@cox.net<\/a>.<br \/>\nNoi siamo informati sulle entusiasmanti iniziative che Paul e Ken stanno sviluppando seguendo i suggerimenti delle varie giurisdizioni e dei singoli membri.\u00a0La chiave del nostro successo, nel rispondere alla sfida del Grande Maestro, sta nella certezza che la nostra giurisdizione ecclesiastica nazionale e l\u2019ospitaliera intraprenderanno stretti, proficui e armoniosi rapporti per condividere, approfittare e imparare dalle loro diverse esperienze.\u00a0Il Grande Maestro, Bruce, Paul, Ken, io stesso e tutti i membri del Gran Consiglio Magistrale, augurano a voi e a tutti i membri dell\u2019Ordine, uniti in tutto il mondo, un gioioso e salutare nuovo anno colmo di pace.<\/div>\n<p><strong><em>Confraternamente, in fede, speranza e carit\u00e0<\/em><\/strong><\/p>\n","protected":false},"excerpt":{"rendered":"<p>Riunificazione OSLJ Francese con OSLJ Spagnolo ACCORDO DI RIUNIFICAZIONE \u2013 TRADUZIONE \u2013 Per pi\u00f9 di trent\u2019anni l\u2019Ordine Militare e Ospitaliero di San Lazzaro di Gerusalemme \u00e8 stato diviso in Obbedienza <a class=\"more-link\" href=\"http:\/\/www.omoslj.it\/index.php\/news\/riunificazione-omoslj\/\">Leggi tutto \u2192<\/a><\/p>\n","protected":false},"author":4,"featured_media":0,"parent":84,"menu_order":0,"comment_status":"closed","ping_status":"closed","template":"","meta":{"footnotes":""},"_links":{"self":[{"href":"http:\/\/www.omoslj.it\/index.php\/wp-json\/wp\/v2\/pages\/738"}],"collection":[{"href":"http:\/\/www.omoslj.it\/index.php\/wp-json\/wp\/v2\/pages"}],"about":[{"href":"http:\/\/www.omoslj.it\/index.php\/wp-json\/wp\/v2\/types\/page"}],"author":[{"embeddable":true,"href":"http:\/\/www.omoslj.it\/index.php\/wp-json\/wp\/v2\/users\/4"}],"replies":[{"embeddable":true,"href":"http:\/\/www.omoslj.it\/index.php\/wp-json\/wp\/v2\/comments?post=738"}],"version-history":[{"count":8,"href":"http:\/\/www.omoslj.it\/index.php\/wp-json\/wp\/v2\/pages\/738\/revisions"}],"predecessor-version":[{"id":751,"href":"http:\/\/www.omoslj.it\/index.php\/wp-json\/wp\/v2\/pages\/738\/revisions\/751"}],"up":[{"embeddable":true,"href":"http:\/\/www.omoslj.it\/index.php\/wp-json\/wp\/v2\/pages\/84"}],"wp:attachment":[{"href":"http:\/\/www.omoslj.it\/index.php\/wp-json\/wp\/v2\/media?parent=738"}],"curies":[{"name":"wp","href":"https:\/\/api.w.org\/{rel}","templated":true}]}}