{"id":31,"date":"2015-10-16T00:10:10","date_gmt":"2015-10-15T22:10:10","guid":{"rendered":"http:\/\/test.omoslj.it\/?page_id=31"},"modified":"2016-01-21T15:54:23","modified_gmt":"2016-01-21T14:54:23","slug":"il-patrono","status":"publish","type":"page","link":"http:\/\/www.omoslj.it\/index.php\/il-patrono\/","title":{"rendered":"Il Patrono San Lazzaro"},"content":{"rendered":"<p style=\"text-align: justify;\">Originario della Giudea, Lazzaro era fratello di Marta e Maria. Nella lor<img loading=\"lazy\" decoding=\"async\" class=\" wp-image-90 alignleft\" src=\"http:\/\/test.omoslj.it\/wp-content\/uploads\/2015\/10\/patrono-1.jpg\" alt=\"patrono-1\" width=\"244\" height=\"425\" \/>o casa, nei pressi di Gerusalemme, Ges\u00f9 trascorse brevi pause di riposo. In ricordo del miracolo della risurrezione di Lazzaro, i cristiani di Gerusalemme, gi\u00e0 a partire dal IV secolo, si recavano in processione a Betania, alla vigilia delle Palme. Qui il diacono legg<br \/>\neva il Vangelo di Giovanni, ricco di notizie sul famoso miracolo, uno dei momenti salienti del IV Vangelo.<\/p>\n<p style=\"text-align: justify;\"><em>Etimologia: Lazzaro = Dio \u00e8 il mio soccorso, dall&#8217;ebraico<\/em><\/p>\n<p style=\"text-align: justify;\">Lazzaro di Betania, in Giudea, fratello di Marta e Maria, deve al<img loading=\"lazy\" decoding=\"async\" class=\" wp-image-91 alignleft\" src=\"http:\/\/test.omoslj.it\/wp-content\/uploads\/2015\/10\/patrono-2.jpg\" alt=\"patrono-2\" width=\"243\" height=\"326\" \/>l&#8217;amicizia di Ges\u00f9 non solo la strepitosa risurrezione dalla tomba, ma anche il culto con cui la Chiesa lo ha onorato nel corso dei secoli. Nella sua casa ospitale, a tre miglia da Gerusalemme, Ges\u00f9 trascorreva brevi pause di riposo confortato dalle premurose attenzioni di Marta e di Maria e dalla sincera e fidata amicizia del padrone di casa. In ricordo di questa predilezione del Redentore, ogni anno (se ne ha notizia gi\u00e0 nel IV secolo) i cristiani di Gerusalemme alla vigilia delle Palme si recavano in processione a Betania e sulla tomba di Lazzaro il diacono proclamava il Vangelo di Giovanni che narra con molti particolari la risurrezione di Lazzaro.<br \/>\nGiovanni infatti \u00e8 il solo evangelista che riferisce il miracolo. La narrazione, con l&#8217;insolita abbondanza di particolari, costituisce uno dei punti salienti del quarto Vangelo, poich\u00e9 la risurrezione di Lazzaro assume, al di l\u00e0 del fatto storico, il valore di simbolo e di profezia, come prefigurazione della risurrezione di Cristo. La casa di Betania e la tomba furono meta di pellegrinaggi gi\u00e0 nella prima epoca del cristianesimo, come riferisce lo stesso S. Girolamo. Pi\u00f9 tardi, i pellegrini medievali ci informano che accanto alla tomba di Lazzaro era sorto un monastero beneficato da Carlo Magno. Ma Lazzaro ebbe pure il privilegio di due tombe essendo morto due volte\u00a0La prima tomba, da cui fu tratto e risuscitato dall&#8217;amore di Cristo (&#8220;Vedi quanto l&#8217;amava&#8221; esclamarono i Giudei scorgendo sul volto di Ges\u00f9 una lacrima di commozione) rest\u00f2 vuota, giacch\u00e8 un&#8217;antica tradizione orientale considera Lazzaro vescovo e martire a Cipro. La notizia, del VI secolo, prese consistenza nel 900 quando l&#8217;imperatore Leone VI il Filosofo fece trasportare le reliquie di Lazzaro da Kition di Cipro a Costantinopoli, insieme con quelle della sorella Maria Maddalena, rinvenute a La B. Vergine e S. Lazzaro, sullo stendardo di un lebbrosario fiammingo (sec. XVI) Efeso. Antichi affreschi rinvenuti nell&#8217;isola sembrano confermare la presenza di Lazzaro a Cipro. Del tutto leggendario \u00e8 invece il racconto secondo il quale Lazzaro e le due sorelle sarebbero stati gettati su una barca senza remi e senza timone e lasciati in balia delle onde, che avrebbero sospinto l&#8217;imbarcazione sulle coste della Provenza.<\/p>\n<p style=\"text-align: justify;\">Eletto vescovo di Marsiglia, Lazzaro avrebbe colto la palma del martirio all&#8217;epoca dell&#8217;imperatore Nerone. I &#8220;lazzaretti&#8221;, gli ospizi per i poveri reietti, gli ospedali, sorsero molto spesso all&#8217;insegna della protezione di S. Lazzaro, colui che Ges\u00f9 risuscit\u00f2&#8221;.<\/p>\n<p><strong>Foto inedita, consegnata ad un sacerdote da un fedele in ritorno da un pellegrinaggio in Terra Santa.<\/strong><\/p>\n<p><a href=\"http:\/\/test.omoslj.it\/wp-content\/uploads\/2015\/10\/patrono-5.jpg\"><img loading=\"lazy\" decoding=\"async\" class=\"size-medium wp-image-94 alignleft\" src=\"http:\/\/test.omoslj.it\/wp-content\/uploads\/2015\/10\/patrono-5.jpg\" alt=\"patrono-5\" width=\"300\" height=\"186\" \/><\/a><\/p>\n<p style=\"text-align: justify;\">Per motivi di Privacy omettiamo nomi e luoghi dei protagonisti di questo strano avvenimento. Il fedele al ritorno del pellegrinaggio, del tutto ignaro di quanto fosse accaduto, faceva sviluppare le numerose foto scattate durante il viaggio. Una di queste , riproducente la panoramicha del lago di Tiberiade, che in un primo momento sembrava &#8220;sovresposta&#8221; e non utilizzabile, si dimostr\u00f2 invece di immenso e profondo interesse religioso. Su indicazione del Parroco la stessa ritrae Ges\u00f9, sulle sponde del lago in compagnia degli apostoli, ipotizzando che la persona vicino a Ges\u00f9 potrebbe essere il suo amato amico Lazzaro di Betania. Al momento non risultano prese di posizione da parte della Chiesa in merito alla vicenda.\u00a0Panoramica del lago di Tiberiade scattata presumibilmente dalla sponda sinistra come si evince dalla mappa a fianco riprodotta.\u00a0Il mare di Galilea, detto anche lago di Tiberiade o di Genezaret o di Kinneret, \u00e8 un lago formato dal fiume Giordano tra i territori di Israele e le alture del Golan annesse da Israele e rivendicate dalla Siria, in una depressione di circa 200 metri sotto il livello del mare. A differenza del Mar Morto, nel quale il Giordano sfocia al termine del suo corso, il mare di Galilea \u00e8 un lago d&#8217;acqua dolce e molto pescoso.\u00a0Esso \u00e8 conosciuto soprattutto per essere stato teatro della predicazione di\u00a0 Ges\u00f9, che secondo i Vangeli visit\u00f2 pi\u00f9 volte molte delle localit\u00e0 poste sulle rive del lago, e lo attravers\u00f2 spesso in barca.\u00a0Il nome &#8220;lago di Tiberiade&#8221; deriva dall&#8217;omonima\u00a0 citt\u00e0 che era stata edificata sulla sua riva nord in onore dell&#8217;imperatore Tiberio.<\/p>\n","protected":false},"excerpt":{"rendered":"<p>Originario della Giudea, Lazzaro era fratello di Marta e Maria. Nella loro casa, nei pressi di Gerusalemme, Ges\u00f9 trascorse brevi pause di riposo. In ricordo del miracolo della risurrezione di <a class=\"more-link\" href=\"http:\/\/www.omoslj.it\/index.php\/il-patrono\/\">Leggi tutto \u2192<\/a><\/p>\n","protected":false},"author":4,"featured_media":0,"parent":0,"menu_order":1,"comment_status":"closed","ping_status":"closed","template":"","meta":{"footnotes":""},"_links":{"self":[{"href":"http:\/\/www.omoslj.it\/index.php\/wp-json\/wp\/v2\/pages\/31"}],"collection":[{"href":"http:\/\/www.omoslj.it\/index.php\/wp-json\/wp\/v2\/pages"}],"about":[{"href":"http:\/\/www.omoslj.it\/index.php\/wp-json\/wp\/v2\/types\/page"}],"author":[{"embeddable":true,"href":"http:\/\/www.omoslj.it\/index.php\/wp-json\/wp\/v2\/users\/4"}],"replies":[{"embeddable":true,"href":"http:\/\/www.omoslj.it\/index.php\/wp-json\/wp\/v2\/comments?post=31"}],"version-history":[{"count":6,"href":"http:\/\/www.omoslj.it\/index.php\/wp-json\/wp\/v2\/pages\/31\/revisions"}],"predecessor-version":[{"id":401,"href":"http:\/\/www.omoslj.it\/index.php\/wp-json\/wp\/v2\/pages\/31\/revisions\/401"}],"wp:attachment":[{"href":"http:\/\/www.omoslj.it\/index.php\/wp-json\/wp\/v2\/media?parent=31"}],"curies":[{"name":"wp","href":"https:\/\/api.w.org\/{rel}","templated":true}]}}